c(j) = -j**3 + 40*j**2 + 38*j - 83. Give c(41).
-206
Let k(f) = -3*f**3 + 6*f**2 + 36*f + 1. What is k(-3)?
28
Let s(z) = 7*z - 6. Give s(-6).
-48
Let v(b) = 3*b**2 + 37*b - 276. Calculate v(7).
130
Let h(c) = -c**3 - 3*c**2 - 8*c + 32. Determine h(-6).
188
Let b(u) = -u**3 - 2*u**2 + 7*u - 17. Determine b(-8).
311
Let z(h) = 873*h**3 + 4*h**2 + 4*h - 8. Calculate z(1).
873
Let z(f) = 3*f**3 + 2*f**2 + 6*f + 13. What is z(-3)?
-68
Let h(p) = 22*p - 181. Give h(31).
501
Let q(i) = -8*i**3 + 47*i**2 - 57*i + 389. Give q(6).
11
Let m(a) = 3*a**3 + 67*a**2 - 3*a - 602. Give m(-22).
-52
Let c(i) = 909*i - 29999. Determine c(33).
-2
Let w(c) = -c**2 + 109*c - 805. Give w(8).
3
Let a(f) = -24*f + 380. Calculate a(16).
-4
Let u(g) = -g**3 + 14*g**2 - 36*g + 323. Determine u(13).
24
Let j(p) = -10*p**2 - 37*p - 9. Calculate j(-5).
-74
Let h(q) = -q**3 - 11*q**2 - 26*q - 176. Give h(-9).
-104
Let o(k) = -k**2 - 546*k - 4292. Calculate o(-8).
12
Let k(x) = x**3 - 13*x**2 - 29*x + 101. Calculate k(2).
-1
Let h(p) = -15671*p - 78338. Calculate h(-5).
17
Let b(t) = 198*t - 1962. What is b(10)?
18
Let u(o) = 4*o + 423. Determine u(-107).
-5
Let p(z) = -394*z**2 - 4*z - 6. Calculate p(-1).
-396
Let h(x) = 442*x - 2887. What is h(7)?
207
Let b(x) = -x**3 - 24*x**2 - 42*x + 13. Give b(-22).
-31
Let t(j) = -j**3 - 24*j**2 - 354*j - 6814. Give t(-22).
6
Let h(b) = 20*b**2 + 9*b + 4. Calculate h(-4).
288
Let x(f) = -f**3 - 3*f**2 - 12*f + 95. What is x(5)?
-165
Let q(u) = 3904*u + 19524. Give q(-5).
4
Let n(r) = -284*r - 278. Determine n(-1).
6
Let q(s) = s**3 - 16*s**2 + 7*s - 269. Determine q(17).
139
Let j(h) = -326*h**2 - 2*h. Calculate j(1).
-328
Let i(u) = 5*u**3 - 92*u**2 + 170*u + 28. Give i(2).
40
Let k(y) = -y**3 - 12*y**2 + 30*y - 46. Give k(-13).
-267
Let p(g) = -3*g**3 - 9*g**2 + 9*g + 6. Determine p(-5).
111
Let t(j) = -100*j - 235. Determine t(-2).
-35
Let s(b) = -1431*b**2 + 7156*b + 4. Determine s(5).
9
Let i(g) = 20*g - 548. Calculate i(27).
-8
Let y(z) = 57*z - 840. Calculate y(14).
-42
Let w(g) = 2*g**3 - 14*g**2 + 8*g - 69. Give w(7).
-13
Let q(k) = -k**2 - 27*k - 84. Determine q(-13).
98
Let k(z) = 34*z + 22. Determine k(0).
22
Let m(v) = 58*v + 872. Determine m(-15).
2
Let o(h) = 7*h**2 - 606*h - 216. What is o(87)?
45
Let x(h) = -19*h - 2544. Calculate x(-141).
135
Let v(s) = 1161*s - 5. Determine v(1).
1156
Let x(w) = 4*w**3 + 27*w**2 + 79*w + 3. Give x(-3).
-99
Let c(j) = -3*j + 643. Give c(124).
271
Let u(c) = 521*c - 391. Calculate u(2).
651
Let z(a) = 307*a - 2374. What is z(7)?
-225
Let n(g) = -2*g**3 + 9*g**2 - 6*g - 6. Give n(2).
2
Let a(b) = b**2 + 42*b + 405. Determine a(-14).
13
Let n(t) = -3*t**3 - 17*t**2 + 128*t + 654. What is n(-5)?
-36
Let p(s) = 64*s + 2378. What is p(-37)?
10
Let a(h) = 65*h - 172. Determine a(3).
23
Let r(k) = k**2 - 25*k - 45. Determine r(27).
9
Let h(x) = -288*x - 688. What is h(-2)?
-112
Let i(p) = p**3 + 49*p**2 - 2*p - 72. What is i(-49)?
26
Let q(u) = 125*u**2 + 2999*u + 13. Calculate q(-24).
37
Let o(k) = 2*k**3 + 102*k**2 + 294*k + 193. What is o(-48)?
-95
Let s(z) = 33*z - 2481. What is s(73)?
-72
Let b(d) = -113*d**3 + 9*d - 7. Calculate b(1).
-111
Let y(a) = 5*a**2 - 1240*a + 16378. Give y(234).
-2
Let m(u) = -6*u - 533. Calculate m(-99).
61
Let b(v) = 193*v - 2520. What is b(13)?
-11
Let j(t) = -5*t**2 + 26*t - 98. Determine j(10).
-338
Let p(n) = 2*n**2 + 135*n + 105. Give p(-67).
38
Let u(y) = -6*y**3 - 6*y**2 - 21*y - 49. What is u(-3)?
122
Let y(m) = -11*m - 24. Calculate y(-13).
119
Let b(i) = i**2 + 22*i - 540. Give b(-33).
-177
Let y(l) = -43*l - 736. What is y(-17)?
-5
Let x(v) = v**2 + 86*v - 20633. Determine x(107).
18
Let m(c) = -2*c**2 + 122*c + 251. Give m(63).
-1
Let t(k) = -57*k + 649. Determine t(24).
-719
Let d(l) = -196*l + 9208. What is d(47)?
-4
Let y(x) = -17*x**2 + 380*x - 29. Calculate y(22).
103
Let b(k) = 27*k**2 + 33*k - 31. Determine b(1).
29
Let v(p) = 2*p**3 - p**2 + 18*p - 456. What is v(0)?
-456
Let s(b) = 117*b - 6581. Calculate s(56).
-29
Let o(j) = 11*j**2 - 8*j - 23. What is o(-5)?
292
Let f(w) = 12*w**2 + 253*w + 173. Determine f(-21).
152
Let j(o) = 3*o**3 + 23*o**2 - 28*o - 33. Determine j(-9).
-105
Let h(p) = -2*p**3 + 46*p**2 + 46*p + 91. Calculate h(24).
43
Let z(l) = 247*l - 223. Determine z(1).
24
Let i(r) = 11*r - 27. Determine i(-5).
-82
Let d(k) = 3*k**2 - 159*k - 96. Determine d(54).
66
Let w(c) = 3*c**2 - 52*c - 2290. Determine w(-20).
-50
Let a(k) = -5*k**2 - 1278*k + 5198. What is a(4)?
6
Let b(o) = -68*o**3 + 5*o + 6. What is b(-1)?
69
Let r(t) = -t**2 - 39*t - 226. What is r(-28)?
82
Let l(p) = -47*p - 993. Give l(-21).
-6
Let a(q) = -3*q**2 + 62*q + 389. What is a(26)?
-27
Let b(t) = -35*t - 1295. Calculate b(-33).
-140
Let z(h) = 323*h - 654. Calculate z(2).
-8
Let i(w) = -115*w**3 - 5*w**2 - 19*w - 15. Calculate i(-1).
114
Let h(d) = 2*d**2 - 35*d - 90. What is h(21)?
57
Let i(l) = l**2 - 50*l + 133. Determine i(48).
37
Let m(t) = 3*t**2 - 113*t + 112. Determine m(1).
2
Let m(w) = -1774*w + 180947. Calculate m(102).
-1
Let f(o) = -24*o - 91. What is f(-4)?
5
Let w(n) = -2*n**2 + 230*n - 6464. Give w(49).
4
Let a(y) = 5*y**3 - 48*y**2 + 23*y + 5. What is a(9)?
-31
Let n(g) = 2*g**2 - 25*g - 210. What is n(17)?
-57
Let p(f) = f**3 + 37*f**2 - 45*f - 93. What is p(-38)?
173
Let d(y) = 57*y - 508. Determine d(10).
62
Let b(u) = 1988*u - 15909. Calculate b(8).
-5
Let k(f) = f**2 - 51*f + 594. Give k(19).
-14
Let v(q) = -2*q**2 + 34*q - 67. Calculate v(2).
-7
Let b(x) = 14816*x - 14822. Determine b(1).
-6
Let w(j) = -j**2 + 183*j + 961. Determine w(-5).
21
Let j(r) = -4*r**2 + 47*r - 34. Calculate j(11).
-1
Let g(y) = 8*y**2 + 103*y + 104. Calculate g(-1).
9
Let x(t) = -10*t**2 - 276*t - 158. Give x(-27).
4
Let q(d) = 2*d**2 - 5*d - 9. Calculate q(4).
3
Let c(w) = -2*w**2 + 199*w + 788. Determine c(-4).
-40
Let v(i) = -249*i + 7. Calculate v(1).
-242
Let h(q) = -2*q**2 + 6*q - 26. What is h(0)?
-26
Let g(z) = -166*z - 881. Determine g(-5).
-51
Let z(k) = -5004*k + 20008. Determine z(4).
-8
Let s(v) = 1761*v + 22887. Determine s(-13).
-6
Let x(a) = -a**3 + 8*a**2 + 2*a + 5. What is x(5)?
90
Let x(k) = 2589*k - 23153. Give x(9).
148
Let i(o) = 48*o**2 + 2*o - 4. Calculate i(2).
192
Let s(b) = -3*b**2 + 46*b - 17. Give s(5).
138
Let y(b) = -b**2 + 181*b - 6630. Calculate y(51).
0
Let q(a) = -a**3 + 27*a**2 - 64*a + 444. Calculate q(25).
94
Let t(f) = 6*f**2 - 2*f - 3. Give t(-3).
57
Let w(k) = 2*k**3 + 13*k**2 + 83*k + 8. What is w(-6)?
-454
Let d(s) = -2*s**3 + 36*s**2 - 117*s + 52. Calculate d(14).
-18
Let w(g) = -g**3 - 31*g**2 - 11*g - 91. Give w(-31).
250
Let x(t) = 23*t + 337. Give x(6).
475
Let t(r) = 49*r + 28. Give t(-1).
-21
Let c(f) = f**3 + 8*f**2 - 14*f - 36. Give c(-9).
9
Let n(c) = -c**3 - 16*c**2 + 42*c + 152. Give n(-18).
44
Let i(j) = j**3 + 133*j**2 - 560*j - 1596. Determine i(-137).
48
Let m(a) = -41*a**2 + 37*a - 3. Calculate m(1).
-7
Let z(j) = j**3 - 15*j**2 + j - 1. Determine z(3).
-106
Let z(u) = -2*u**2 - 83*u + 381. Give z(5).
-84
Let x(l) = -4*l**3 - 113*l**2 + 111*l + 691. Determine x(-29).
-5
Let r(b) = -3*b**3 - 6*b + 12. What is r(4)?
-204
Let m(f) = -f**3 - 16*f**2 - 42*f - 167. What is m(-14)?
29
Let i(c) = -144*c - 883. What is i(-6)?
-19
Let r(a) = -16*a**2 + 131*a - 15. Give r(8).
9
Let i(l) = -174*l**3 - 3*l**2 + 5*l + 11. Calculate i(-2).
1381
Let s(c) = 833*c + 69146. Determine s(-83).
7
Let k(b) = b**3 - 6*b**2 + 76*b - 358. Determine k(5).
-3
Let i(d) = -d - 104. What is i(-20)?
-84
Let r(g) = 3*g**2 + g - 47. Calculate r(3).
-17
Let s(f) = -21*f - 1299. Give s(-58).
-81
Let f(o) = -13*o + 1111. Determine f(85).
6
Let f(z) = z**3 - 494*z**2 + 3421*z - 78. What is f(7)?
6
Let v(w) = -w**3 - 14*w**2 - 54*w - 518. Determine v(-11).
-287
Let z(l) = -l**2 - 13*l - 27. Calculate z(-15).
-57
Let m(v) = -v**2 - 523*v - 14788. Give m(-30).
2
Let h(v) = 6*v + 679. Give h(-39).
445
Let x(m) = 3*m**3 + 15*m**2 - 17*m - 114. Determine x(-4).
2
Let t(h) = -2*h**3 - 120*h**2 + 121*h - 55. Give t(-61).
6
Let l(o) = -67*o**2 - 940*o - 20. Determine l(-14).
8
Let x(z) = -z**3 + 2*z**2 + 9*z. Give x(4).
4
Let x(v) = -2*v**2 + 154*v + 3418. Calculate x(95).
-2
Let a(m) = -795*m + 11. Determine a(0).
11
Let h(l) = -37*l - 